hat is the hundreds digit of 333?
3
What is the hundreds digit of 24912?
9
What is the ten thousands digit of 20852?
2
What is the tens digit of 1753?
5
What is the tens digit of 518?
1
What is the ten thousands digit of 22512?
2
What is the hundreds digit of 1475?
4
What is the hundreds digit of 199820?
8
What is the thousands digit of 8048?
8
What is the tens digit of 45704?
0
What is the units digit of 393?
3
What is the thousands digit of 46572?
6
What is the hundreds digit of 8343?
3
What is the tens digit of 2096?
9
What is the thousands digit of 6297?
6
What is the ten thousands digit of 50490?
5
What is the units digit of 1005?
5
What is the units digit of 1846?
6
What is the thousands digit of 1237?
1
What is the tens digit of 15362?
6
What is the tens digit of 4279?
7
What is the thousands digit of 70259?
0
What is the tens digit of 67791?
9
What is the tens digit of 18?
1
What is the thousands digit of 5784?
5
What is the units digit of 743?
3
What is the hundreds digit of 8137?
1
What is the thousands digit of 57708?
7
What is the tens digit of 2505?
0
What is the tens digit of 8348?
4
What is the thousands digit of 6462?
6
What is the tens digit of 5194?
9
What is the tens digit of 1635?
3
What is the units digit of 10158?
8
What is the thousands digit of 3731?
3
What is the hundreds digit of 324?
3
What is the ten thousands digit of 116341?
1
What is the hundreds digit of 3427?
4
What is the units digit of 905?
5
What is the tens digit of 27671?
7
What is the hundreds digit of 153?
1
What is the hundreds digit of 17751?
7
What is the tens digit of 313?
1
What is the tens digit of 8160?
6
What is the hundreds digit of 13232?
2
What is the hundreds digit of 16514?
5
What is the hundreds digit of 9492?
4
What is the units digit of 39062?
2
What is the tens digit of 45936?
3
What is the units digit of 12985?
5
What is the units digit of 4568?
8
What is the tens digit of 83567?
6
What is the ten thousands digit of 71904?
7
What is the units digit of 221?
1
What is the units digit of 64108?
8
What is the tens digit of 6473?
7
What is the hundreds digit of 27023?
0
What is the tens digit of 84655?
5
What is the units digit of 1300?
0
What is the tens digit of 27097?
9
What is the thousands digit of 1641?
1
What is the thousands digit of 1608?
1
What is the ten thousands digit of 62088?
6
What is the hundreds digit of 569?
5
What is the units digit of 2481?
1
What is the thousands digit of 2493?
2
What is the units digit of 68146?
6
What is the tens digit of 1165?
6
What is the units digit of 72466?
6
What is the hundreds digit of 1139?
1
What is the hundreds digit of 329?
3
What is the hundreds digit of 3070?
0
What is the units digit of 319?
9
What is the units digit of 418?
8
What is the units digit of 3733?
3
What is the hundreds digit of 1149?
1
What is the units digit of 4679?
9
What is the tens digit of 5729?
2
What is the ten thousands digit of 36782?
3
What is the units digit of 1183?
3
What is the hundreds digit of 1808?
8
What is the hundreds digit of 31481?
4
What is the tens digit of 8755?
5
What is the ten thousands digit of 16100?
1
What is the tens digit of 737?
3
What is the ten thousands digit of 36418?
3
What is the hundreds digit of 53002?
0
What is the units digit of 862?
2
What is the ten thousands digit of 12491?
1
What is the hundreds digit of 260?
2
What is the ten thousands digit of 14874?
1
What is the units digit of 36400?
0
What is the units digit of 1057?
7
What is the ten thousands digit of 44571?
4
What is the units digit of 55697?
7
What is the hundreds digit of 291?
2
What is the units digit of 1751?
1
What is the tens digit of 42602?
0
What is the hundreds digit of 190?
1
What is the hundreds digit of 22682?
6
What is the units digit of 276?
6
What is the thousands digit of 5266?
5
What is the thousands digit of 23214?
3
What is the tens digit of 1124?
2
What is the units digit of 42077?
7
What is the tens digit of 502?
0
What is the thousands digit of 23668?
3
What is the units digit of 180293?
3
What is the thousands digit of 26121?
6
What is the hundreds digit of 1893?
8
What is the ten thousands digit of 12800?
1
What is the thousands digit of 1799?
1
What is the thousands digit of 4265?
4
What is the ten thousands digit of 10476?
1
What is the thousands digit of 77781?
7
What is the thousands digit of 3154?
3
What is the tens digit of 823?
2
What is the thousands digit of 8654?
8
What is the ten thousands digit of 10000?
1
What is the hundreds digit of 5449?
4
What is the hundreds digit of 5658?
6
What is the units digit of 761?
1
What is the thousands digit of 4858?
4
What is the thousands digit of 1871?
1
What is the ten thousands digit of 64381?
6
What is the tens digit of 2280?
8
What is the thousands digit of 9683?
9
What is the units digit of 1156?
6
What is the tens digit of 30025?
2
What is the units digit of 726?
6
What is the tens digit of 175?
7
What is the units digit of 50882?
2
What is the units digit of 1330?
0
What is the hundreds digit of 30871?
8
What is the units digit of 143588?
8
What is the ten thousands digit of 81017?
8
What is the thousands digit of 71640?
1
What is the tens digit of 53970?
7
What is the thousands digit of 9520?
9
What is the units digit of 12?
2
What is the tens digit of 3911?
1
What is the hundreds digit of 1879?
8
What is the hundreds digit of 15298?
2
What is the units digit of 116107?
7
What is the hundreds digit of 1619?
6
What is the thousands digit of 5150?
5
What is the units digit of 1221?
1
What is the tens digit of 1694?
9
What is the units digit of 55449?
9
What is the units digit of 4692?
2
What is the thousands digit of 26090?
6
What is the thousands digit of 98909?
8
What is the hundreds digit of 69369?
3
What is the hundreds digit of 356?
3
What is the hundreds digit of 950?
9
What is the units digit of 1557?
7
What is the hundreds digit of 88915?
9
What is the thousands digit of 9243?
9
What is the hundreds digit of 6438?
4
What is the hundreds digit of 18687?
6
What is the units digit of 97961?
1
What is the thousands digit of 2874?
2
What is the tens digit of 18344?
4
What is the hundreds digit of 621?
6
What is the ten thousands digit of 10345?
1
What is the units digit of 76495?
5
What is the thousands digit of 9743?
9
What is the tens digit of 53932?
3
What is the units digit of 6488?
8
What is the thousands digit of 6104?
6
What is the units digit of 1635?
5
What is the ten thousands digit of 11971?
1
What is the ten thousands digit of 21678?
2
What is the thousands digit of 2105?
2
What is the hundreds digit of 7030?
0
What is the tens digit of 4406?
0
What is the units digit of 1773?
3
What is the tens digit of 3977?
7
What is the hundreds digit of 2027?
0
What is the units digit of 57565?
5
What is the ten thousands digit of 14756?
1
What is the ten thousands digit of 75497?
7
What is the tens digit of 50595?
9
What is the tens digit of 339?
3
What is the units digit of 132590?
0
What is the thousands digit of 21550?
1
What is the hundreds digit of 22105?
1
What is the units digit of 48976?
6
What is the units digit of 714?
4
What is the ten thousands digit of 17336?
1
What is the thousands digit of 11451?
1
What is the hundreds digit of 4891?
8
What is the hundreds digit of 1004?
0
What is the units digit of 20660?
0
What is the hundreds digit of 35661?
6
What is the tens digit of 25990?
9
What is the tens digit of 15409?
0
What is the tens digit of 9576?
7
What is the units digit of 17375?
5
What is the units digit of 506?
6
What is the tens digit of 3114?
1
What is the tens digit of 115?
1
What is the thousands digit of 14252?
4
What is the hundreds digit of 804?
8
What is the units digit of 890?
0
What is the units digit of 460?
0
What is the units digit of 454?
4
What is the units digit of 662?
2
What is the tens digit of 49474?
7
What is the units digit of 836?
6
What is the hundreds digit of 53604?
6
What is the ten thousands digit of 116553?
1
What is the hundred thousands digit of 159931?
1
What is the ten thousands digit of 13460?
1
What is the tens digit of 445?
4
What is the ten thousands digit of 16980?
1
What is the thousands digit of 31411?
1
What is the units digit of 2866?
6
What is the ten thousands digit of